{"id":2578,"date":"2019-07-11T07:43:54","date_gmt":"2019-07-11T07:43:54","guid":{"rendered":"https:\/\/campdecervia.com\/product\/oli-doliva-verge-extra-verllum-750ml\/"},"modified":"2025-12-15T09:06:20","modified_gmt":"2025-12-15T09:06:20","slug":"aceite-de-oliva-virgen-extra-verllum-750ml","status":"publish","type":"product","link":"https:\/\/campdecervia.com\/es\/producte\/aceite-de-oliva-virgen-extra-verllum-750ml\/","title":{"rendered":"Aceite de Oliva Virgen Extra Verllum 750ml"},"content":{"rendered":"<p>Aceite\u00a0<strong>100% procedente de oliva arbequina\u00a0<\/strong>de recolecci\u00f3n manual y molturada antes de 24 horas.<\/p>\n<p>Complejidad de aromas y gustos que se manifiestan intensamente para la recolecta a medianos de noviembre de la oliva a\u00fan verde y por su proceso de elaboraci\u00f3n por decantaci\u00f3n (reposo del tiempo suficiente para la sedimentaci\u00f3n natural de los s\u00f3lidos en suspensi\u00f3n). Denso, con connotaciones de hierva fresca y hoja. Espeso y potente. Entrada dulce en boca haci\u00e9ndose presente el amargo y el picante de forma notoria y equilibrada.<\/p>\n","protected":false},"excerpt":{"rendered":"<p>Aceite\u00a0100% procedente de oliva arbequina\u00a0de recolecci\u00f3n manual y molturada antes de 24 horas.<\/p>\n<p>El aceite Verllum es una edici\u00f3n limitada.<\/p>\n<p><span class=\"oli-premiat\"> ACEITE PREMIADO<\/span><\/p>\n<p><em><span style=\"color: #8dc73f;\">Formato<\/span>:\u00a0<\/em>Botella de cristal de 750 ml.<\/p>\n<p><em><span style=\"color: #8dc73f;\">Condiciones de conservaci\u00f3n<\/span>: <\/em>Mantener en lugar fresco y seco, fuera de la luz solar.<\/p>\n<p><strong>Compra en caja de 6 unidades.<\/strong><\/p>\n","protected":false},"featured_media":8897,"comment_status":"open","ping_status":"closed","template":"","meta":{"_monsterinsights_skip_tracking":false,"_monsterinsights_sitenote_active":false,"_monsterinsights_sitenote_note":"","_monsterinsights_sitenote_category":0},"product_brand":[],"product_cat":[86],"product_tag":[105],"class_list":{"0":"post-2578","1":"product","2":"type-product","3":"status-publish","4":"has-post-thumbnail","6":"product_cat-verllum-es","7":"product_tag-750ml-es","9":"first","10":"outofstock","11":"shipping-taxable","12":"purchasable","13":"product-type-simple"},"_links":{"self":[{"href":"https:\/\/campdecervia.com\/es\/wp-json\/wp\/v2\/product\/2578","targetHints":{"allow":["GET"]}}],"collection":[{"href":"https:\/\/campdecervia.com\/es\/wp-json\/wp\/v2\/product"}],"about":[{"href":"https:\/\/campdecervia.com\/es\/wp-json\/wp\/v2\/types\/product"}],"replies":[{"embeddable":true,"href":"https:\/\/campdecervia.com\/es\/wp-json\/wp\/v2\/comments?post=2578"}],"wp:featuredmedia":[{"embeddable":true,"href":"https:\/\/campdecervia.com\/es\/wp-json\/wp\/v2\/media\/8897"}],"wp:attachment":[{"href":"https:\/\/campdecervia.com\/es\/wp-json\/wp\/v2\/media?parent=2578"}],"wp:term":[{"taxonomy":"product_brand","embeddable":true,"href":"https:\/\/campdecervia.com\/es\/wp-json\/wp\/v2\/product_brand?post=2578"},{"taxonomy":"product_cat","embeddable":true,"href":"https:\/\/campdecervia.com\/es\/wp-json\/wp\/v2\/product_cat?post=2578"},{"taxonomy":"product_tag","embeddable":true,"href":"https:\/\/campdecervia.com\/es\/wp-json\/wp\/v2\/product_tag?post=2578"}],"curies":[{"name":"wp","href":"https:\/\/api.w.org\/{rel}","templated":true}]}}

<p>Aceite <strong>100% procedente de oliva arbequina </strong>de recolección manual y molturada antes de 24 horas.</p>
<p>Complejidad de aromas y gustos que se manifiestan intensamente para la recolecta a medianos de noviembre de la oliva aún verde y por su proceso de elaboración por decantación (reposo del tiempo suficiente para la sedimentación natural de los sólidos en suspensión). Denso, con connotaciones de hierva fresca y hoja. Espeso y potente. Entrada dulce en boca haciéndose presente el amargo y el picante de forma notoria y equilibrada.</p>

<p>Aceite 100% procedente de oliva arbequina de recolección manual y molturada antes de 24 horas.</p>
<p>El aceite Verllum es una edición limitada.</p>
<p><span class="oli-premiat"> ACEITE PREMIADO</span></p>
<p><em><span style="color: #8dc73f;">Formato</span>: </em>Botella de cristal de 750 ml.</p>
<p><em><span style="color: #8dc73f;">Condiciones de conservación</span>: </em>Mantener en lugar fresco y seco, fuera de la luz solar.</p>
<p><strong>Compra en caja de 6 unidades.</strong></p>
