{"id":8773,"date":"2021-12-09T15:03:48","date_gmt":"2021-12-09T15:03:48","guid":{"rendered":"https:\/\/campdecervia.com\/producte\/aceite-de-oliva-virgen-extra-ecologico-2-l\/"},"modified":"2026-02-09T10:19:29","modified_gmt":"2026-02-09T10:19:29","slug":"aceite-de-oliva-virgen-extra-ecologico-2-l","status":"publish","type":"product","link":"https:\/\/campdecervia.com\/es\/producte\/aceite-de-oliva-virgen-extra-ecologico-2-l\/","title":{"rendered":"Aceite de oliva Virgen Extra Ecol\u00f3gico 2 L"},"content":{"rendered":"<p data-start=\"0\" data-end=\"108\"><strong>Aceite 100 % procedente de oliva arbequina ecol\u00f3gica<\/strong> de recolecci\u00f3n manual y molturado en menos de 24 horas.<\/p>\n<p data-start=\"110\" data-end=\"333\">Fruto en su punto \u00f3ptimo de maduraci\u00f3n. Predominio de la oliva madura de intenso color morado. El aceite de oliva virgen extra ecol\u00f3gico adquiere tonalidades doradas y conserva el sabor y aroma profundos de la oliva madura.<\/p>\n<p data-start=\"335\" data-end=\"498\">Se filtra por procedimientos mec\u00e1nicos tradicionales y se envasa en el menor tiempo posible para que conserve la presencia intensa de su origen de oliva arbequina.<\/p>\n<p><span style=\"color: #8dc73f;\">Camp de Cervi\u00e0 est\u00e1 certificado por el CCPAE (Consell Catal\u00e0 de la Producci\u00f3 Agr\u00e0ria Ecol\u00f2gica), que garantiza al consumidor que las t\u00e9cnicas utilizadas en la producci\u00f3n agr\u00edcola ecol\u00f3gica son respetuosas con el medio ambiente y con las personas.<\/span><\/p>\n","protected":false},"excerpt":{"rendered":"<p data-start=\"0\" data-end=\"108\">Aceite 100 % procedente de oliva arbequina ecol\u00f3gica de recolecci\u00f3n manual y molturado en menos de 24 horas.<\/p>\n<p data-start=\"110\" data-end=\"356\">Camp de Cervi\u00e0 est\u00e1 certificado por el CCPAE (Consell Catal\u00e0 de la Producci\u00f3 Agr\u00e0ria Ecol\u00f2gica), que garantiza al consumidor que las t\u00e9cnicas utilizadas en la producci\u00f3n agr\u00edcola ecol\u00f3gica son respetuosas con el medio ambiente y con las personas.<\/p>\n<p><em><span style=\"color: #8dc73f;\">Formato<\/span>:\u00a0<\/em>Garrafa de 2 l.<\/p>\n<p><em><span style=\"color: #8dc73f;\">Condiciones de conservaci\u00f3n<\/span>: Mantener en lugar fresco y seco, fuera de la luz solar.<\/em><\/p>\n<p><strong>Compra en caja de 9 unidades.<\/strong><\/p>\n","protected":false},"featured_media":8867,"comment_status":"open","ping_status":"closed","template":"","meta":{"_monsterinsights_skip_tracking":false,"_monsterinsights_sitenote_active":false,"_monsterinsights_sitenote_note":"","_monsterinsights_sitenote_category":0},"product_brand":[],"product_cat":[82],"product_tag":[91],"class_list":{"0":"post-8773","1":"product","2":"type-product","3":"status-publish","4":"has-post-thumbnail","6":"product_cat-ecologic-es","7":"product_tag-2l-es","9":"first","10":"instock","11":"shipping-taxable","12":"purchasable","13":"product-type-simple"},"_links":{"self":[{"href":"https:\/\/campdecervia.com\/es\/wp-json\/wp\/v2\/product\/8773","targetHints":{"allow":["GET"]}}],"collection":[{"href":"https:\/\/campdecervia.com\/es\/wp-json\/wp\/v2\/product"}],"about":[{"href":"https:\/\/campdecervia.com\/es\/wp-json\/wp\/v2\/types\/product"}],"replies":[{"embeddable":true,"href":"https:\/\/campdecervia.com\/es\/wp-json\/wp\/v2\/comments?post=8773"}],"wp:featuredmedia":[{"embeddable":true,"href":"https:\/\/campdecervia.com\/es\/wp-json\/wp\/v2\/media\/8867"}],"wp:attachment":[{"href":"https:\/\/campdecervia.com\/es\/wp-json\/wp\/v2\/media?parent=8773"}],"wp:term":[{"taxonomy":"product_brand","embeddable":true,"href":"https:\/\/campdecervia.com\/es\/wp-json\/wp\/v2\/product_brand?post=8773"},{"taxonomy":"product_cat","embeddable":true,"href":"https:\/\/campdecervia.com\/es\/wp-json\/wp\/v2\/product_cat?post=8773"},{"taxonomy":"product_tag","embeddable":true,"href":"https:\/\/campdecervia.com\/es\/wp-json\/wp\/v2\/product_tag?post=8773"}],"curies":[{"name":"wp","href":"https:\/\/api.w.org\/{rel}","templated":true}]}}

Aceite de oliva Virgen Extra Ecológico 2 L

<p data-start="0" data-end="108"><strong>Aceite 100 % procedente de oliva arbequina ecológica</strong> de recolección manual y molturado en menos de 24 horas.</p>
<p data-start="110" data-end="333">Fruto en su punto óptimo de maduración. Predominio de la oliva madura de intenso color morado. El aceite de oliva virgen extra ecológico adquiere tonalidades doradas y conserva el sabor y aroma profundos de la oliva madura.</p>
<p data-start="335" data-end="498">Se filtra por procedimientos mecánicos tradicionales y se envasa en el menor tiempo posible para que conserve la presencia intensa de su origen de oliva arbequina.</p>
<p><span style="color: #8dc73f;">Camp de Cervià está certificado por el CCPAE (Consell Català de la Producció Agrària Ecològica), que garantiza al consumidor que las técnicas utilizadas en la producción agrícola ecológica son respetuosas con el medio ambiente y con las personas.</span></p>

<p data-start="0" data-end="108">Aceite 100 % procedente de oliva arbequina ecológica de recolección manual y molturado en menos de 24 horas.</p>
<p data-start="110" data-end="356">Camp de Cervià está certificado por el CCPAE (Consell Català de la Producció Agrària Ecològica), que garantiza al consumidor que las técnicas utilizadas en la producción agrícola ecológica son respetuosas con el medio ambiente y con las personas.</p>
<p><em><span style="color: #8dc73f;">Formato</span>: </em>Garrafa de 2 l.</p>
<p><em><span style="color: #8dc73f;">Condiciones de conservación</span>: Mantener en lugar fresco y seco, fuera de la luz solar.</em></p>
<p><strong>Compra en caja de 9 unidades.</strong></p>
